 1172. What is the units digit of y?
6
Let i(o) = -2*o**3 + 300*o**2 - 176*o + 270. What is the tens digit of i(148)?
3
Let v(b) = 7*b + 51. Let a be v(-7). What is the tens digit of ((-2444)/(-14))/a - (-202)/(-707)?
8
Let k be (-82)/((-4 - -1)/21). Let i = k - -74. What is the tens digit of i?
4
Suppose 0 = -14*q - 2692 - 4042. Let u = q + 1030. Suppose -16*k = -19*k + u. What is the tens digit of k?
8
What is the thousands digit of ((-2)/(-4))/(9/2083248*17)?
6
Let r = -43 - -54. Suppose r = 4*z + 11. Suppose z*f + 108 = 3*f. What is the units digit of f?
6
Let t(g) = 1183*g - 122. What is the tens digit of t(6)?
7
Let b be ((-3)/4)/(1/(-144)). Let v = 113 - b. Suppose -v*s + 447 = 4*m, 2*s - s - 451 = -4*m. What is the tens digit of m?
1
Let g = 32 + -27. Suppose -h + 8 = 5*k, 5*h = -g*k - 0*h. Suppose 3*x - 405 = -2*x + k*u, -2*x - 5*u = -162. What is the units digit of x?
1
Let q be 6 + 0 + 8/4. Suppose 0 = q*r + 8*r - 11*r. Suppose -i + 5*h + 202 = 0, 0 = -r*i - i - 4*h + 193. What is the units digit of i?
7
Suppose 0 = 3*o - 93 - 117. Let p = o + -85. What is the tens digit of 1/(-3) + (5 - 830/p)?
6
Let y(g) = -49. Let q(k) = k - 99. Let n(h) = -3*q(h) + 7*y(h). Let x be n(-16). Suppose x*a + 1413 = 11*a. What is the units digit of a?
7
Let w = -20451 - -73787. What is the units digit of w?
6
Let d(p) = -4*p - 26. Let w be 5*(-4)/(-5) + 106. Suppose -21*t - w = -16*t. What is the units digit of d(t)?
2
Let p = 639 - 630. What is the hundreds digit of p*8/48*(-2644)/(-6)?
6
Let a(h) = -h**2 + 1. Let b be a(0). Let o(j) = 163*j**3 + 2*j**2 - 4*j + 2. What is the units digit of o(b)?
3
Suppose 0 = -18*l + 33 + 39. Suppose -5662 + 1903 = -5*a + 3*f, -l*f = 2*a - 1514. What is the units digit of a?
3
Suppose 0 = -13*j + 8943 + 781. Suppose j*h + 1844 = 752*h. What is the units digit of h?
1
Let k = 7510 + 12505. What is the units digit of k?
5
Let u(p) = -27*p + 10. Let d be (10 + -5)*(-4)/(-10). Suppose 7 + d = -3*t. What is the units digit of u(t)?
1
Suppose -6*q + 4*i = -9*q + 5588, 4*q + 5*i = 7450. What is the tens digit of q?
6
Let p be (-459)/(-63) - (-3)/(21/(-2)). Suppose 10*s - p*s = 954. Let z = -154 + s. What is the tens digit of z?
6
Let j(s) = -54*s - 2698. What is the units digit of j(-51)?
6
Let k be ((-2)/(-4)*-2)/((-1)/(-11)). Let p(o) = -o - 7. Let y be p(k). Suppose -l + 152 = y*u - 2*u, 0 = u + 4*l - 90. What is the tens digit of u?
7
What is the tens digit of 19/((-760)/(-319236)) + 3/30?
8
Let v(l) = 4*l**2 + 15*l - 4. Let w = 35 - 34. Let j be (2 - -5)/(-2 + w). What is the units digit of v(j)?
7
Let t = -31 + 35. Suppose -t*s = -s + 30. What is the hundreds digit of 0 - s/45 - (-1958)/18?
1
Let t = -4536 + 4540. Let f be (-20)/(-12) - (-4)/(-6). What is the tens digit of 74*4/(8/f)*t?
4
Let b be (20/(-4) + -2)*1. Let r(u) = -u**3 - 8*u**2 - 5*u + 16. Let k be r(b). What is the tens digit of ((-9)/3 - (k + -91))/2?
4
Let f(v) = 3*v**2 - v. Let x(y) = 6*y**2 - 24*y + 26. Let b(m) = 4*f(m) - x(m). What is the tens digit of b(3)?
8
Suppose -600574 = 39*i - 70*i - 196551. What is the ten thousands digit of i?
1
Let p(h) = -5*h + 21. Let i be p(0). Let w(c) = c - 9*c**2 + i - 3*c**2 + 13*c**2 - 4. What is the units digit of w(8)?
9
Suppose 0 = 10*d - 1835 - 288605. What is the tens digit of d?
4
Let t be 8/(-52) + 49620/78. Suppose 4 - 14 = 5*w, -5*w - t = -2*u. What is the units digit of u?
3
Let r = 69 - 67. Let i be (-5 - -3)*10/r. Let c = i - -110. What is the hundreds digit of c?
1
Let a = -12631 + 23474. What is the tens digit of a?
4
Let c(v) = -477*v - 101. Let a be c(-13). Suppose 133*m - 143*m + a = 0. What is the units digit of m?
0
Suppose -5*s + 212997 = -3*f, -25*s + 28*s - 3*f - 127803 = 0. What is the hundreds digit of s?
5
Let s(u) = 17*u**3 - u**2 + 23*u + 18. What is the units digit of s(8)?
2
Suppose -5*u + 29 = -36. Let d be u/4 - -6*5/(-120). Suppose 3*r - 1266 = -d*r. What is the hundreds digit of r?
2
Let t(c) = 3*c**2 - 22*c + 6. Suppose 24 - 15 = r. Let b be t(r). What is the hundreds digit of b/(-12)*-29 - 1/4?
1
Suppose 74*q - 69*q = 3*r + 29, 0 = -q - 4*r - 8. Suppose -3*b = q*g - 480 - 1304, 3*b - 1774 = -2*g. What is the tens digit of b?
8
Let n(r) = -2*r**3 + 4*r**2 - 9*r - 16. Let c be n(-4). Let q = 289 - c. What is the units digit of q?
7
Let m(z) = -79*z - 29. Let o(y) = y**3 + 14*y**2 + 12*y - 38. Let s be o(-13). What is the tens digit of m(s)?
4
Suppose -5*g + 8 = -2*m, m + 0 = -5*g - 4. Suppose 322 = -g*j + 7*j. Let a = j + -31. What is the tens digit of a?
1
Let f(z) = -6*z**3 - 140*z**2 - 111*z + 49. What is the thousands digit of f(-27)?
9
Suppose -5*a + 5*h = 10, -10*a + h = -6*a + 14. Let c(m) = -12*m - 9. Let j be c(6). What is the tens digit of j/((-3)/(7 + a))?
8
Suppose 58*p - 4*p - 13962 = 63312. What is the units digit of p?
1
Let f = 10261 - 8626. What is the tens digit of f?
3
Suppose -35 = -5*w - 0. Suppose 5*t + w - 22 = 0. Suppose -b - o + 144 = 0, -o = t*b - 39 - 393. What is the hundreds digit of b?
1
Suppose 19 = 2*a - 3*q + 4, a + 4*q + 20 = 0. Suppose -31*j + 37*j - 6000 = a. What is the thousands digit of j?
1
What is the thousands digit of 136 - 124 - (-5472)/2?
2
Let b = 100933 - 65640. What is the hundreds digit of b?
2
Let k = -1903 - -1898. Suppose n = -4, 5*u + n = u - 8. What is the units digit of 5/(k/(-2)) - (-8 - u)?
9
Let c(o) = -16*o**2 - 19*o - 60. Let z(w) = -w**2 + 2. Let m(h) = -c(h) + 4*z(h). What is the units digit of m(-6)?
6
Let o(i) = 32*i**2 - 27*i - 113. What is the units digit of o(-7)?
4
Let i = -90 + 90. Suppose i = -4*b + a + 3450, 0 = 5*b - 7*b + 5*a + 1716. What is the hundreds digit of b?
8
Suppose -1106 = -2*g + 2312. What is the hundreds digit of g?
7
Let w(o) be the first derivative of -o**4/4 - o**3 + o**2 - 27*o - 31. What is the tens digit of w(-7)?
5
Let s(u) = -2*u + 22. Let w be s(10). Let k be (-1)/(w/(24/33) - 3). Suppose -5*r + k = -41. What is the units digit of r?
9
Suppose -45 = -x + 42. Let s = x + -70. Suppose 23*c - s*c - 288 = 0. What is the tens digit of c?
4
Suppose 5*p - 540 = 2*n, -445 = p - 5*p - n. Let j = 429 - p. What is the hundreds digit of j?
3
Let g be (-4)/(-20) - 1744/(-80). What is the tens digit of 2/3*2607/g?
7
Suppose -21 - 34 = -3*y - 5*z, -4*y - 5*z = -65. Suppose -2*w + y = -0. Suppose -s + 36 = -w*g, -s + 3*g + g = -32. What is the tens digit of s?
1
Suppose -10 - 14 = a. What is the units digit of (a/18)/((-4)/162)?
4
Let i(w) = -w**3 + 8*w**2 - 9*w + 16. Let m be i(7). Suppose u - 2*y = -148, u + y - m*y + 152 = 0. Let n = 287 + u. What is the hundreds digit of n?
1
What is the units digit of 613 + -617 - (1 - 1 - 14563)?
9
Let s(n) = n**3 - 26*n**2 + 10*n + 53. Let u(l) = -3*l + 89. Let p be u(21). What is the hundreds digit of s(p)?
3
Let v = -16 - -14. Let s = v - -4. What is the units digit of 6/(-4)*s - 112*-1?
9
Suppose 5*n = 3*c - 833 - 1050, 2*n + 1254 = 2*c. Suppose c = s + 495. What is the tens digit of s?
3
Let c = -9390 - -13385. What is the hundreds digit of c?
9
Let t(d) = 55*d + 94. Let v be t(12). Suppose 4*c = -3*j + v, 0 = -3*j + j - 5*c + 491. What is the units digit of j?
8
Let m = 87 - 60. Suppose -5*z + m = -8. Let l(v) = -v**2 + 12*v - 15. What is the tens digit of l(z)?
2
Suppose -x + 2*h = 153 + 105, 0 = x - 3*h + 257. Suppose 4*y = 3*u + 7, 7*y - 8 = 5*u + 4*y. What is the hundreds digit of (x/(-5))/(u/(-3))?
1
Let h = 66 + -63. Let p = -1 + 3. Suppose -36 = -h*t - 3*k, p*t - 2*k = 3*t - 16. What is the units digit of t?
8
Let z(o) = -o**2 - o - 9. Let w be z(0). What is the hundreds digit of 2/w - (13 + (-62020)/45)?
3
Let g(l) = l**2 + 12*l - 8. Let y be g(-13). Let s(d) = y*d - 16*d + 45 + 0*d + 4*d. What is the units digit of s(-7)?
4
Suppose 1 = 3*w + 4. Let h be (-8)/(-24)*(14 - w). Suppose -h*o + 43 = 8. What is the units digit of o?
7
Let p = 87713 - 51340. What is the hundreds digit of p?
3
Let m(n) = -333*n - 313. Let y be m(-6). What is the units digit of y + ((-96)/(-128) - 1/(-4))?
6
Let s(p) = p**2 - 19*p + 18. Let w be s(18). Suppose 0 = -0*c - c + 259. Suppose w = -4*z - 5*f + c, -5*f = z - 0*z - 61. What is the units digit of z?
6
Let g(y) = 3139*y**2 + y + 9. Let v(q) = 4708*q**2 + q + 14. Let j(p) = 8*g(p) - 5*v(p). What is the thousands d